{"id":2179,"date":"2014-04-21T14:07:11","date_gmt":"2014-04-21T21:07:11","guid":{"rendered":"http:\/\/sandsautoregistration.com\/sandsauto\/?page_id=2179"},"modified":"2014-06-04T15:56:35","modified_gmt":"2014-06-04T22:56:35","slug":"compania","status":"publish","type":"page","link":"https:\/\/sandsautoregistration.com\/sandsauto\/compania\/","title":{"rendered":"Compa\u00f1\u00eda"},"content":{"rendered":"<div class=\"row \">\n<div class=\"span4 \"><h1>Declaraci\u00f3n de Empresa<\/h1>\n<p>S&S Auto Registration trabaja en colaboraci\u00f3n con el Departamento de Veh\u00edculos Motorizados de California para procesar sus documentos de veh\u00edculos de una manera profesional y oportuna.<\/p>\n<p>Hist\u00f3ricamente se sabe que una visita al DMV puede ser una experiencia estresante. Debido al crecimiento de conductores en California, y la congelaci\u00f3n de los gobiernos que reducen el n\u00famero de personal en el DMV, el estr\u00e9s afecta a todos causando \u00e1nimos a estallar. Una sola oficina del DMV procesa aproximadamente 35,000 solicitudes por d\u00eda.<\/p>\n<p>Como nuestro cliente usted puede contar con m\u00e1s de 20 a\u00f1os de experiencia con S&S Auto Registration en la preparaci\u00f3n de documentos, c\u00e1lculo de los impuestos, estimaci\u00f3n de costos, y estar seguro de que tenemos toda la documentaci\u00f3n necesaria para registrar su veh\u00edculo sin ning\u00fan tipo de preocupaci\u00f3n. Lo m\u00e1s importante es evitar las l\u00edneas y el tiempo perdido en el DMV y ayudar evitar la frustraci\u00f3n y el estr\u00e9s.<\/p>\n<p>\u00bfSab\u00eda usted que el tiempo promedio de espera en el DMV es de unas cinco horas para completar una transacci\u00f3n. El tiempo de espera no incluye la p\u00e9rdida de tiempo de rellenar los formularios si no est\u00e1n correctamente llenados. Los tiempos de espera m\u00e1s largas en el DMV son: durante la hora del almuerzo, los lunes y viernes, durante la primera y la \u00faltima semana del mes, y en los d\u00edas antes o justo despu\u00e9s de un d\u00eda de fiesta. \u00bfLe parece como si estos son todos los d\u00edas de la semana?<\/p>\n<p>S&S Auto Registration tiene un promedio de 15 minutos de espera. No tiene 15 minutos de sobra, es tan f\u00e1cil como dejar toda su documentaci\u00f3n necesaria en nuestra oficina antes de la 1:00 pm, de lunes a viernes solamente, y lo tendr\u00e1 en sus manos antes de las 5:30 pm ese mismo d\u00eda.<\/p>\n<p>Si encontramos alg\u00fan problema con su transacci\u00f3n y necesitamos m\u00e1s tiempo, no hay necesidad de preocuparse, S&S Auto Registration le proporcionar\u00e1 los permisos correspondientes y el papeleo provisional para que pueda conducir su veh\u00edculo sin ning\u00fan problema.<\/p>\n<p>\u00bfLe suena demasiado bueno para ser verdad? Lea nuestros testimonios para ver lo que nuestros clientes han dicho sobre el personal y los servicios que proporcionamos. Llame o pase por nuestra oficina y nuestra experiencia le demostrara nuestra profesionalidad. Lo estamos esperando para ayudarle.<\/p>\n<p>&nbsp;<\/p>\n<div class=\"spacer\"><\/div><!-- .spacer (end) -->\n<h1>Testimonios<\/h1>\n<div class=\"testimonials\"><div class=\"testi-item\"><blockquote class=\"testi-item_blockquote\"><a href=\"https:\/\/sandsautoregistration.com\/sandsauto\/testimonial-view\/contamos-con-su-habilidad\/\">Ha sido un a\u00f1o desde que, Norteam\u00e9rica Auto Sale Inc., nombro a S&S Auto Registration como nuestro abogado, de hecho, para completar todos los documentos necesarios, seg\u00fan... <\/a><div class=\"clear\"><\/div><\/blockquote><small class=\"testi-meta\"><span class=\"user\">Dan Luo<\/span><span class=\"info\">CEO, North America Auto Sale Inc.<\/span><br><\/small><\/div><div class=\"testi-item\"><blockquote class=\"testi-item_blockquote\"><a href=\"https:\/\/sandsautoregistration.com\/sandsauto\/testimonial-view\/you-really-know-what-you-are-doing\/\">Dear Sandra, It has been a year since we, North America Auto Sale Inc., appointed S and S Auto Registration Service as our attorney, in fact, to... <\/a><div class=\"clear\"><\/div><\/blockquote><small class=\"testi-meta\"><span class=\"user\">Dan Luo<\/span><span class=\"info\">CEO, North America Auto Sale Inc.<\/span><br><\/small><\/div><div class=\"testi-item\"><blockquote class=\"testi-item_blockquote\"><a href=\"https:\/\/sandsautoregistration.com\/sandsauto\/testimonial-view\/eficiente-honesto-profesional\/\">Como Presidente de Solutions Auto Sales Corporation, una empresa establecida desde hace m\u00e1s de 7 a\u00f1os en el mercado de autom\u00f3viles y que, desde entonces tenemos las... <\/a><div class=\"clear\"><\/div><\/blockquote><small class=\"testi-meta\"><span class=\"user\">Hernan Copete<\/span><span class=\"info\">Solutions Auto Sales<\/span><br><\/small><\/div><\/div><\/div>\n<div class=\"span8 \"><h1>the S&amp;S Team<\/h1>\n<ul class=\"posts-grid row-fluid unstyled best-professionals\"><li class=\"span3\"><figure class=\"featured-thumbnail thumbnail\"><a href=\"https:\/\/sandsautoregistration.com\/sandsauto\/wp-content\/uploads\/2014\/04\/Team-Sandra-Gomez-e1400015521417.jpg\" title=\"Sandra Gomez\" rel=\"prettyPhoto[gallery0]\"><img src=\"https:\/\/sandsautoregistration.com\/sandsauto\/wp-content\/uploads\/2014\/04\/Team-Sandra-Gomez-e1400015521417-170x158.jpg\" alt=\"Sandra Gomez\" \/><span class=\"zoom-icon\"><\/span><\/a><\/figure><figure class=\"featured-thumbnail thumbnail\" style=\"display:none;\"><a href=\"https:\/\/sandsautoregistration.com\/sandsauto\/wp-content\/uploads\/2014\/03\/Silhouettes-Female.jpg\" title=\"Sandra Gomez\" rel=\"prettyPhoto[gallery0]\"><img  src=\"https:\/\/sandsautoregistration.com\/sandsauto\/wp-content\/uploads\/2014\/03\/Silhouettes-Female-170x158.jpg\" alt=\"Sandra Gomez\" \/><span class=\"zoom-icon\"><\/span><\/a><\/figure><div class=\"clear\"><\/div><h5><a href=\"https:\/\/sandsautoregistration.com\/sandsauto\/team-view\/sandra-gomez\/\" title=\"Sandra Gomez\">Sandra Gomez<\/a><\/h5><p class=\"excerpt\">Como Presidente de Solutions Auto Sales Corporation,... <\/p><\/li><li class=\"span3\"><figure class=\"featured-thumbnail thumbnail\"><a href=\"https:\/\/sandsautoregistration.com\/sandsauto\/wp-content\/uploads\/2014\/04\/Team-Sandra-Gomez-e1400015521417.jpg\" title=\"Sandra Gomez\" rel=\"prettyPhoto\"><img  src=\"https:\/\/sandsautoregistration.com\/sandsauto\/wp-content\/uploads\/2014\/04\/Team-Sandra-Gomez-e1400015521417-170x158.jpg\" alt=\"Sandra Gomez\" \/><span class=\"zoom-icon\"><\/span><\/a><\/figure><div class=\"clear\"><\/div><h5><a href=\"https:\/\/sandsautoregistration.com\/sandsauto\/team-view\/sandra-gomez-2\/\" title=\"Sandra Gomez\">Sandra Gomez<\/a><\/h5><p class=\"excerpt\">Como Presidente de Solutions Auto Sales Corporation,... <\/p><\/li><li class=\"span3\"><figure class=\"featured-thumbnail thumbnail\"><a href=\"https:\/\/sandsautoregistration.com\/sandsauto\/wp-content\/uploads\/2014\/04\/Team-Andrea-Angeles-e1400015589463.jpg\" title=\"Andrea Angeles\" rel=\"prettyPhoto[gallery2]\"><img src=\"https:\/\/sandsautoregistration.com\/sandsauto\/wp-content\/uploads\/2014\/04\/Team-Andrea-Angeles-e1400015589463-170x158.jpg\" alt=\"Andrea Angeles\" \/><span class=\"zoom-icon\"><\/span><\/a><\/figure><div class=\"clear\"><\/div><h5><a href=\"https:\/\/sandsautoregistration.com\/sandsauto\/team-view\/andrea-angeles\/\" title=\"Andrea Angeles\">Andrea Angeles<\/a><\/h5><p class=\"excerpt\">Como Presidente de Solutions Auto Sales Corporation,... <\/p><\/li><li class=\"span3\"><figure class=\"featured-thumbnail thumbnail\"><a href=\"https:\/\/sandsautoregistration.com\/sandsauto\/wp-content\/uploads\/2014\/04\/Team-Andrea-Angeles-e1400015589463.jpg\" title=\"Andrea Angeles\" rel=\"prettyPhoto\"><img  src=\"https:\/\/sandsautoregistration.com\/sandsauto\/wp-content\/uploads\/2014\/04\/Team-Andrea-Angeles-e1400015589463-170x158.jpg\" alt=\"Andrea Angeles\" \/><span class=\"zoom-icon\"><\/span><\/a><\/figure><div class=\"clear\"><\/div><h5><a href=\"https:\/\/sandsautoregistration.com\/sandsauto\/team-view\/andrea-angeles-2\/\" title=\"Andrea Angeles\">Andrea Angeles<\/a><\/h5><p class=\"excerpt\">Como Presidente de Solutions Auto Sales Corporation,... <\/p><\/li><\/ul><!-- .posts-grid (end) -->\n<div class=\"spacer\"><\/div><!-- .spacer (end) -->\n<h1>Sobre S&S<\/h1>\n<div class=\"history\">\n<p>S&S Auto Registration comenz\u00f3 hace 15 a\u00f1os cuando el fundador y presidente de la empresa Sandra G\u00f3mez decidi\u00f3 ayudar a un amigo con un problema de registro del DMV. Sandra es licenciada en administraci\u00f3n de empresas, y cuenta con m\u00e1s de 10 a\u00f1os de experiencia trabajando para una empresa multinacional como gerente de importaci\u00f3n \/ exportaci\u00f3n. Sandra se orgullece ser biling\u00fce en espa\u00f1ol e Ingl\u00e9s. Ella tom\u00f3 sus llaves y sali\u00f3 a la oficina m\u00e1s cercana del DMV.<\/p>\n<p>Como nunca hab\u00eda tratado con el DMV y sin experiencia, Sandra tom\u00f3 el reto y despu\u00e9s de varios intentos complet\u00f3 uno de los procesos m\u00e1s dif\u00edciles del DMV, una Reconstrucci\u00f3n de T\u00edtulo. Un proceso que implica la investigaci\u00f3n de la historia del veh\u00edculo, el registro de propietario, el derecho de retenci\u00f3n, y todos los distribuidores en el que el veh\u00edculo hab\u00eda estado de inventario desde su producci\u00f3n. Sandra hizo hasta lo imposible y le llamo al fabricante del 1965 Chevy con solo tener los \u00faltimos 6 n\u00fameros del VIN.<\/p>\n<p>\u00bfF\u00e1cil de hacer no? Simplemente tratar de hacerlo usted mismo.<\/p>\n<p>Sandra se dio cuenta r\u00e1pidamente de lo complicado y agotador que el proceso del DMV fue y se pregunt\u00f3 c\u00f3mo una persona que trabaja para ganarse la vida ten\u00eda que perder una gran parte de su d\u00eda tratando de solucionar este problema sin ayuda. Cada vez m\u00e1s y m\u00e1s, Sandra descubri\u00f3 que personas comenzaron a pedirle su ayuda.<\/p>\n<p>En un corto tiempo Sandra decidi\u00f3 empezar su propia empresa S&S Enterprises en Paramount. Ubicado en una peque\u00f1a oficina dentro de otra peque\u00f1a oficina de un familiar donde vend\u00edan coches con solo un escritorio y algunos suministros de oficina, Sandra empez\u00f3 su negocio.<\/p>\n<p>S&S Enterprises empez\u00f3 a crecer y los clientes empezaron a forma l\u00ednea solamente para pedirle consejos a Sandra.<\/p>\n<p>Corri\u00f3 la voz sobre como Sandra se hab\u00eda hecho experta con en papeleo del DMV y Sandra empez\u00f3 a recibir clientes de otros ciudades, estados y pa\u00edses.<\/p>\n<p>S&S Enterprises fue todo un \u00e9xito pero Sandra descubri\u00f3 que la oficina no pod\u00eda acomedir toda la gente que la iba a ver.<\/p>\n<p>Para poder ayudar a m\u00e1s clientes, S&S Enterprises se mudo a un local m\u00e1s grande, donde estamos ubicados desde ese tiempo en 14731 Garfield Avenue en Paramount. Con una oficina m\u00e1s grande, S&S Enterprises pudo ofrecer m\u00e1s servicios a los clientes y hac\u00ed fue como S&S Enterprises se convirti\u00f3 en S&S Auto Registration and Insurance Services.<\/p>\n<p>Con m\u00e1s de 16 a\u00f1os de experiencia, la preparaci\u00f3n de Sandra con los registros de veh\u00edculos la ha rendido la reputaci\u00f3n de ser honesta, profesionalismo, cordialidad y servicio al cliente.<\/p>\n<p>S&S Auto Registration and Insurance Services es bien conocido y respetado por las empresas de la industria de registro de veh\u00edculos.<\/p>\n<p>Algunos servicios de registro pueden decir que saben lo que est\u00e1n haciendo con el proceso del DMV s\u00f3lo por tener su negocio, pero nuestros a\u00f1os de experiencia hablan por s\u00ed mismos.<\/p>\n<p>Nosotros no le decimos lo que usted quiere o\u00edr s\u00f3lo para tener su negocio, nosotros le decimos la verdad y le aconsejamos sobre c\u00f3mo proceder. Si hay una soluci\u00f3n posible y legal, vamos hacer todo lo posible para lograrlo.<\/p>\n<blockquote>Esa es nuestra promesa para usted.<\/blockquote><!-- blockquote (end) -->\n<p>&nbsp;<\/p>\n<div class=\"spacer\"><\/div><!-- .spacer (end) -->\n<h1><\/h1>\n<\/div><\/div>\n<\/div><!-- .row (end) -->\n","protected":false},"excerpt":{"rendered":"","protected":false},"author":1,"featured_media":0,"parent":0,"menu_order":1,"comment_status":"open","ping_status":"open","template":"page-fullwidth.php","meta":[],"_links":{"self":[{"href":"https:\/\/sandsautoregistration.com\/sandsauto\/wp-json\/wp\/v2\/pages\/2179"}],"collection":[{"href":"https:\/\/sandsautoregistration.com\/sandsauto\/wp-json\/wp\/v2\/pages"}],"about":[{"href":"https:\/\/sandsautoregistration.com\/sandsauto\/wp-json\/wp\/v2\/types\/page"}],"author":[{"embeddable":true,"href":"https:\/\/sandsautoregistration.com\/sandsauto\/wp-json\/wp\/v2\/users\/1"}],"replies":[{"embeddable":true,"href":"https:\/\/sandsautoregistration.com\/sandsauto\/wp-json\/wp\/v2\/comments?post=2179"}],"version-history":[{"count":9,"href":"https:\/\/sandsautoregistration.com\/sandsauto\/wp-json\/wp\/v2\/pages\/2179\/revisions"}],"predecessor-version":[{"id":2285,"href":"https:\/\/sandsautoregistration.com\/sandsauto\/wp-json\/wp\/v2\/pages\/2179\/revisions\/2285"}],"wp:attachment":[{"href":"https:\/\/sandsautoregistration.com\/sandsauto\/wp-json\/wp\/v2\/media?parent=2179"}],"curies":[{"name":"wp","href":"https:\/\/api.w.org\/{rel}","templated":true}]}}